*d + 2. Calculate u(z).
12
Let p(g) = -5*g**2 - 2*g - 8. Let j(k) = k**2 - 13. Let l be j(-4). Let i(r) = 12*r**2 + 3*r + 14. Let b(d) = l*i(d) + 7*p(d). Determine b(7).
0
Let w(r) = -2*r - 18 + 0*r - r. Let f be (-26)/169 + (-30)/(-26) + -9. What is w(f)?
6
Let v(i) = 18 - 38*i + 77*i - 117 - 34*i. Calculate v(18).
-9
Let z(y) = -6*y. Suppose -5*o + 0*o - 5 = -5*q, -5*o - 4*q + 22 = 0. Let n(g) = 0*g + 13 + o*g + 4*g - 4*g. Let v be n(-7). Determine z(v).
6
Suppose 655*m = 688*m + 99. Let k(r) = 2*r**2 + 7*r + 1. Determine k(m).
-2
Let w(j) = -j - 2. Let c(z) = -11*z**2 + 8*z + 15. Let l be c(-3). Let d = 112 + l. Suppose -2*i + f = -d*i + 12, -32 = -5*i - 3*f. Determine w(i).
-6
Let d(h) = 44*h - 14. Let f(o) = 81*o - 28. Let a(n) = -11*d(n) + 6*f(n). Calculate a(9).
4
Let d(u) = -56 + 59 - 63 - 69 + 6*u + 4*u. Calculate d(13).
1
Let d(k) = -k**3 - 10*k**2 - 12*k - 3. Let f be d(-9). Let s = f + -20. Let h(a) = s - 11 + 0 - 7 + a**2. Calculate h(0).
-14
Let j be -23 - (-14)/((-112)/(-136)). Let q(r) = -9*r - 52. Determine q(j).
2
Let h(d) be the second derivative of -d**4/12 + d**3/6 + d**2/2 + 3*d. Suppose 9*q - 12 = 24. Suppose -2*a = 2*y, -3*a + q = y - 0. Calculate h(a).
-1
Let x be 480/140 - (2 + 72/(-28)). Let u(v) be the third derivative of -1/12*v**4 + v**2 + 0 + 1/60*v**5 + 0*v + 1/3*v**3. Determine u(x).
10
Suppose 81 = -7*f + 277. Let m(o) = -1494*o - 12 + 1504*o + f - o**2. What is m(12)?
-8
Suppose -4133*h + 252 = -4151*h. Let r(g) = -2*g**3 - 27*g**2 + 17*g + 45. What is r(h)?
3
Let y(b) = b**3 + 6*b**2 - 23*b - 52. Let c be 7/((-294)/300) - 18/21. Determine y(c).
4
Let c(f) = 1 - 2 + 2*f - 5. Let p = -318 + 313. Let a be 9/((-10)/(-40) + p/(-4)). Calculate c(a).
6
Let q = 392 + -423. Let d(c) = 4*c + 6. Let b be d(6). Let r = b + q. Let h(m) = 22*m**2 - 1. Give h(r).
21
Let i(q) = -5*q**2 - 14*q - 15. Let a be i(-1). Let o be a/(-4)*588/63. Let n(r) = r**2 - 14*r - 5. Give n(o).
-5
Let v(f) = 5 + 7 + 15 + 72*f + 11 + 19. Calculate v(-1).
-15
Let x = 7660 - 7665. Let z(t) = 14*t + 17. Determine z(x).
-53
Let i(q) = 2*q**2 + 2*q + 2. Let j(m) = 3*m**2 - 15*m - 12. Let y(h) = i(h) + j(h). What is y(7)?
144
Let y(w) = -2*w - 22. Let a be (-6)/21 + 2232/168. Let x = a - 28. Determine y(x).
8
Let k(h) = 18*h**2 - h. Let v(u) = 11*u**2 + 3*u - 24. Let o be v(-6). Let m = o - 355. Calculate k(m).
19
Let q(n) = n**2 + 6*n - 1. Suppose o - 2*a = 2*o - 35, 0 = 3*o + 2*a - 121. Let t = o - 33. Let s = t - 13. Calculate q(s).
-10
Let w(n) be the second derivative of -n**5/20 + n**3/2 + 3*n**2/2 - n. Suppose -2*h - 5*h - 1428 = 0. Let a = h + 207. Calculate w(a).
-15
Let w(q) = q**2 - 18*q - 23. Let r be (-68)/(-28)*(-30 - -37). Calculate w(r).
-40
Let w(q) = -q**3 - q + 6*q - 1 - 4*q. Let y = 312 + -485. Let n = y - -175. Calculate w(n).
-7
Let b(x) be the third derivative of x**6/120 - 5*x**5/12 + 13*x**4/12 - 25*x**3/3 - 1942*x**2 - x. Calculate b(24).
-2
Let h(m) = 2*m + 7. Let n be h(-2). Let f(i) = 4*i**3 + 7*i**2 - 4*i - 3. Let y(u) = 5*u**3 + 8*u**2 - 3*u - 3. Let b(p) = n*y(p) - 4*f(p). Calculate b(-5).
-7
Let m(f) be the first derivative of 1/2*f**2 + 3 - 3/2*f**3 + 12*f. Let h(o) be the first derivative of m(o). Calculate h(-2).
19
Let h = 27 + -19. Let t(v) = -2*v**2 + 3*v + 31. Let j(f) = -8*f**2 - 6*f**2 + f + 16 + 13*f**2. Let q(l) = -11*j(l) + 6*t(l). Calculate q(h).
2
Suppose b = 21 - 27. Let r(t) = t**3 - 3*t**2 + 3*t - 4. Let o(m) = -m + 1. Let u(d) = b*o(d) - r(d). Calculate u(4).
-6
Let z(w) be the second derivative of w**4/3 - w**3/6 - 28*w. Suppose 2*r = f + 43, 2*r + 155 = 2*f - 7*f. Let b be ((-22)/f)/(1/3). Determine z(b).
14
Let q(g) be the first derivative of g**2/2 - 7*g - 409. Let h be (0 - -9)*(11 + -10). Determine q(h).
2
Let o = 540 - 503. Let w(y) = -5*y**2 - 36*y + o*y - 14*y**2. Calculate w(1).
-18
Let r(o) = o**3 + 10*o**2 + 17*o + 4. Let b be r(-2). Suppose 5*k + 0*k = b*d + 1, d + 5 = k. Let i(q) = -q**3 - 8*q**2 - 2*q + 5. Determine i(d).
21
Let w(y) = -12*y**3 - 3*y**2 + y + 1. Let o(z) = -z**2 + z + 1. Let n(d) = -2*o(d) + w(d). Suppose 54*i + 1440 = 51*i. Let v = i + 479. Give n(v).
11
Let o(p) = -p + 0 - 3*p**2 + 2 + 7*p**2 + p**3. Let j = 7050 - 7053. What is o(j)?
14
Let m(y) be the first derivative of -y**3/3 - y**2/2 + 2*y + 13. Let b = 99 - 88. Suppose -4 = 5*w + b. Give m(w).
-4
Let l be 6868/12 + (-4)/(-6). Let j = l - 567. Let r(o) be the first derivative of -o**2/2 + o - 1. Give r(j).
-5
Let m(g) = 22*g**2 - 3*g - 118. Let q(x) = -24. Let z(p) = m(p) - 5*q(p). Calculate z(1).
21
Let q be (-3)/2 - (-75)/6. Let y(h) = h**2 - 11*h - 4. Let c(a) = -a**2 + 11*a + 4. Let r(z) = 2*c(z) + 3*y(z). Calculate r(q).
-4
Let n = -16 + 21. Suppose -4*m + 2*c + 2*c = -20, n*m + 3*c = 1. Suppose -3*b = m*b + 35. Let h(r) = -r**3 - 8*r**2 - 7*r - 6. What is h(b)?
-6
Let g(l) = -9*l + 7. Let z(u) = u**3 + 12*u**2 + 36*u + 14. Let f be z(-5). Calculate g(f).
-74
Let y be (8 - 12)/((-60)/75). Let g(v) be the third derivative of v**3 - 1/120*v**6 + 1/6*v**4 + 1/15*v**5 - 2*v**2 + 0*v + 0. Give g(y).
1
Let u(j) = -j**2 - 3*j - 2. Suppose -2*o - 10 = -z - 0*o, 5*o - 20 = -2*z. Let p be 2/(1 - 2)*(-3 + 2). Suppose -4*r + z = -p. Determine u(r).
-20
Let x(n) = 12*n + 14. Let v be x(-9). Let b = 98 + v. Let z(f) = 3 + 3*f - b*f**3 + f**3 + 4*f**3 - 4*f**2 + 0. Calculate z(3).
3
Let q(n) = -18*n**2 - 27*n - 6. Let l(i) = 3*i**2 + 4*i + 2. Let d(g) = -5*l(g) - q(g). Give d(-5).
36
Let i(b) = b**3 + 13*b**2 - 7*b + 1. Let g be i(-11). Let o = g - 322. Let y(q) = -q**2 - 3*q. What is y(o)?
2
Let c(j) = -9*j**2 - 2*j + 2. Let l(h) = 5*h**2 + h - 4. Let x(k) = -c(k) - 2*l(k). Let w = -37 - -42. Give x(w).
-19
Let k(i) be the first derivative of i**4/12 - 11*i**3/6 - 2*i**2 - 15*i - 166. Let l(c) be the first derivative of k(c). Determine l(11).
-4
Suppose 0 = -2*r + t - 24, 1758 - 1761 = r + t. Let u(q) = -q**2 - 12*q - 5. What is u(r)?
22
Let v(t) = -t**3 - 5*t**2 + t + 12. Let y = -2631 + 2626. What is v(y)?
7
Let m(j) = j**3 - 16*j**2 + 13*j + 43. Let u be (-45)/(-8)*(-2096)/(-786). Determine m(u).
13
Let l(a) = 37*a**2 - 4*a + 2. Let c be l(1). Let v = -4 + c. Suppose -2*y + v - 21 = 0. Let m(p) = -p**3 + 4*p**2 + 5*p + 6. Give m(y).
6
Suppose -3*c = -5*t + 20, -2*t + 41*c + 17 = 38*c. Let p(z) = -t - 388*z + 389*z + 3. What is p(-15)?
-13
Suppose 6 = k + 16. Let o be (-6)/9 - k/6. Let n(h) = 17*h**3 - 100*h**2 - 14. Let v(p) = -8*p**3 + 43*p**2 + 6. Let t(j) = 3*n(j) + 7*v(j). Determine t(o).
-4
Let z(c) = 5 + c**3 - 2*c**3 - 7*c - 1 - 8*c**2 - c. Suppose 239 = 22*w + 273 + 98. What is z(w)?
-20
Let u(t) = 5*t + 6. Let n(o) = -2*o - 9. Let p(g) = 3*g + 1. Let s(b) = 2*n(b) - 6*p(b). Let w(r) = -2*s(r) - 9*u(r). Suppose 3*j + 32 = -j. Give w(j).
2
Let f(x) = -2*x + 4*x - x**2 - 17*x + 102 - 36 - 55. Calculate f(-11).
55
Let v(x) = x**2 + 3*x + 6. Suppose -4*h + 48 = 4*u, 14 = u - h - 6. Suppose -u = 4*t - 2*b, 3*t - 5*b + 4 = 2*t. Give v(t).
10
Let c(u) = -u**2 - 8*u - 6. Let x(r) = 13*r + 228*r**2 - 227*r**2 - 44 - 30. Let o be x(-17). Calculate c(o).
6
Let n(q) = -q**3 - 7*q**2 + 33*q + 32. Suppose a = 5*b + 15, 19*b - 14*b - 25 = 5*a. What is n(a)?
2
Let g(t) be the third derivative of t**6/120 - t**5/15 - t**4/12 + 2*t**3/3 - t**2 - 15*t + 32. Let y = -26 - -38. Let c be (y/9)/(2/6). Calculate g(c).
-4
Let k(u) be the second derivative of u**5/20 - 3*u**4/4 + 5*u**3/6 - 20*u**2 - 1850*u. Give k(9).
5
Let z(u) be the third derivative of u**6/360 + u**5/12 - 25*u**4/24 + 30*u**3 - 204*u**2. Let c(j) be the first derivative of z(j). Calculate c(-12).
-1
Let j = -53385 - -53387. Let l be 2/8*2*6. Let f(g) = g - l*g - 2*g**2 + 4*g. Determine f(j).
-4
Suppose -12*y - 35*y = 17*y - 2304. Let v(n) = 23*n - 830. Give v(y).
-2
Let a(u) = 9*u**3 + 13*u**2 + 3*u + 17. Let i(d) = 5*d**2 + 2*d**2 + 4*d - 7*d + 9 + 5*d + 5*d**3. Let q(s) = -6*a(s) + 11*i(s). Give q(2).
9
Let i(h) = 60*h + 1137. Let w be i(-19). Let s(z) = -2*z**2 - 5*z - 10. Determine s(w).
-13
Let h(y) = -2*y**2 - 2*y + 28. Let z be 0*((-44)/33 - 49/(-42)). Calculate h(z).
28
Suppose -3*d + 3*h + 3 = 0, -5*d + 17*h + 20 = 15*h. Let n(u) = 7*u + 6. Let k(t) = 6*t + 5. Let m(w) = 6*k(w) - 5*n(w). What is m(d)?
6
Let v(j) = -8*j + 3. Let b = 240 - 248. Let k